-2 + 3*(-15)/(-3)?
11
Let j = 4 + -2. Suppose 65 = 5*b - 2*w, -j*w - 80 = -5*b + 3*w. Suppose f - 3*a = 10, 16 = 3*f + 4*a - 6*a. What is the remainder when b is divided by f?
3
Let n = -14 - -16. Suppose -n*i + 36 = 2*i. Calculate the remainder when i is divided by 4.
1
Let t be (-3)/9 - (-8)/6. Suppose -b = -3*y + t, 4 = 3*y - 4*b - 0. Suppose y*g - g = -34. Calculate the remainder when g is divided by 12.
10
Let g = -54 + 92. What is the remainder when g is divided by 13?
12
Let p(y) = y**2 + 17*y + 22. Calculate the remainder when p(-19) is divided by 32.
28
Suppose 0 = -5*x + 12*x - 84. What is the remainder when (-548)/(-12) + 6/(-9) is divided by x?
9
Let a(r) = r**3 - 5*r**2 + 7*r - 5. Suppose 7*o = 3*o - 88. Let z = -16 - o. Calculate the remainder when a(z) is divided by 19.
16
Suppose 5*j = r + 2*r + 115, 2*r - 3*j + 75 = 0. Let l = r + 34. Suppose -14 = -z + f - 5, 0 = -4*z + 3*f + 33. What is the remainder when z is divided by l?
2
Suppose 34 + 21 = 5*r. Calculate the remainder when r is divided by 4/6 + (-20)/(-6).
3
Suppose 3*s = 6*s - 6. Suppose s*u - 30 = -u. Suppose -3*y + u = -4*v, 3*y = -v + 7 + 28. Calculate the remainder when 27 is divided by y.
7
Suppose -4*i - i + 2*f = -127, -2*i = f - 49. Suppose 0 = -2*l + l + i. Let o = -9 + l. Calculate the remainder when 47 is divided by o.
15
Let r(c) = -8*c - 100. Let v(t) = -3*t + 1. What is the remainder when r(-16) is divided by v(-3)?
8
Suppose -3*q + 36 - 9 = -2*r, -5*q = -3*r - 44. Suppose p = 3*j - 11, q*j - 2*j = -5*p + 45. What is the remainder when 43 is divided by (-295)/(-20) - (-1)/p?
13
Suppose -15 = 2*l - 3*k - 59, 0 = 3*l + k - 44. Suppose -l = 2*t + 14. Calculate the remainder when 16/(-6)*t/2 is divided by 7.
6
Let t(m) = m - 2. Let u be t(6). Suppose 0 = -i + u*i - 465. Suppose -i = 3*d - 8*d. What is the remainder when d is divided by 8?
7
Let b = 4 - 5. What is the remainder when 63/6*(-4)/(-6) is divided by (-6)/(b + 0 + -1)?
1
Let g(m) = -13*m - 23. Suppose 5*o - 32 = -2*d + o, 5*o - 25 = 0. Calculate the remainder when g(-3) is divided by d.
4
Calculate the remainder when 65 is divided by 10/(-25) + 1062/30.
30
Suppose -2*a = -a - 26. Let p(k) = 8*k + 17. What is the remainder when p(4) is divided by a?
23
Suppose 0 = 3*y - 10 - 5. Suppose y*b - 8 - 132 = 0. Calculate the remainder when b is divided by 10.
8
Let k(w) = w - 13. Let v be k(7). Let q(x) = -6*x + 2. Let z(a) = a**3 + 13*a**2 + 11*a - 2. Calculate the remainder when q(v) is divided by z(-12).
8
Let f(m) = -m**3 + 14*m**2 + 21*m + 13. What is the remainder when f(15) is divided by 21?
19
Let o(v) = 3*v + 7. Let p be o(-5). Let q = p + 30. What is the remainder when q is divided by 6?
4
Let o = -6 - -11. Let b(s) = -s + 1. Let q be b(-3). Suppose -q - o = -t. Calculate the remainder when 17 is divided by t.
8
Suppose -x + 10 = 3. Let u(r) = -r**3 + 7*r**2 - r + 6. Let p be u(x). Calculate the remainder when (3 - 4) + (-15)/p is divided by 8.
6
Let t(i) = i**3 - 8*i**2 + 9*i + 1. What is the remainder when 43 is divided by t(7)?
13
Suppose 5*b + 0*b = 30. Suppose -5*n + 2*n + b = 0. Let r = 8 - 4. What is the remainder when r is divided by n?
0
Suppose 0 = 2*t - 5 - 121. What is the remainder when t is divided by 22?
19
Let l(v) be the first derivative of v**2 + 5. What is the remainder when l(10) is divided by 12?
8
Let z(x) = -2*x + 13. Let t(n) = -3*n + 14. Let o(q) = 6*t(q) - 7*z(q). Calculate the remainder when 38 is divided by o(-5).
12
Let q(u) = u**2 + 7*u - 4. Let t(c) = -c**2 + 5*c + 5. Let d be t(7). Calculate the remainder when q(d) is divided by 8.
6
Let j be 3/6 + 9/2. Let a(z) = 5*z**2 + 3*z. Let l be a(j). What is the remainder when l/18 - (-16)/72 is divided by 5?
3
Let y = 0 - -4. Suppose y*i + i + 200 = 0. Let l = 80 + i. What is the remainder when l is divided by 14?
12
Let t = -17 - -21. Suppose 25 = 5*m, -5*a - 5*m + 43 = -t*a. What is the remainder when a is divided by 5?
3
Let r(m) = 10*m - 3. Let u(k) = -k**2 - 5*k - 2. Let z be u(-4). Suppose -3*v + 35 = z*v. Calculate the remainder when r(v) is divided by 17.
16
Let j = -28 + 33. What is the remainder when j is divided by (-5)/((-10)/(-3))*-2?
2
Suppose 11*n - 4*n = 126. Calculate the remainder when n is divided by 3.
0
Let k = 110 + -48. Suppose 98 + k = 5*m. What is the remainder when m is divided by 11?
10
Let u = -1 - -18. Let p = u - 12. What is the remainder when 16 is divided by p?
1
Let n(a) = 2*a**3 - 5*a**2 + 3*a + 3. What is the remainder when n(4) is divided by 13?
11
Let y(q) be the third derivative of -3*q**4/8 - q**3/2 + 6*q**2. Calculate the remainder when y(-3) is divided by 9.
6
Let c(b) = 2*b**2 + 8*b + 16. Let d be c(-7). Let g = -30 + d. Calculate the remainder when g is divided by 10.
8
Let z(x) = x**3 + 8*x**2 - 9*x + 10. Calculate the remainder when 37 is divided by z(-9).
7
Suppose -2 - 6 = 2*g. Suppose 7*l - 3*l = -2*v + 26, 4*v = 4*l - 56. Let o = g + l. What is the remainder when 14 is divided by o?
4
Calculate the remainder when 145 is divided by 50 + -3*4/12.
47
Let z(h) = -3*h**2 + 24*h + 8. Suppose 5*p + 6 = 4*t, 2*p + 2*t - 6 = 6. Suppose 3*m + p*m = 105. What is the remainder when m is divided by z(8)?
5
Calculate the remainder when 45 is divided by 107/6 + (-3)/54*-3.
9
Suppose -63*t - 10 = -65*t. Let r = 4 + 4. What is the remainder when r is divided by t?
3
Let k be -2*28/(-8) + 3. Let s = 20 - k. What is the remainder when 39 is divided by s?
9
Let f(c) = c + 13. Let z be f(-11). What is the remainder when z/(-6) + 608/6 is divided by 26?
23
Let y(r) = -r**2 - 2*r + 1. Let g be y(-2). What is the remainder when 30 is divided by (3 + g)*(2 + 0)?
6
Let c = -84 - -23. Let w(b) = b**2 - 9. Let o be w(0). What is the remainder when (-2)/(-9) + c/o is divided by 3?
1
Suppose 0 = -s + 2*c + 48, -4*s = s + 3*c - 279. What is the remainder when 267 is divided by s?
51
Suppose 3*l = 7*l - 116. Calculate the remainder when l is divided by 4.
1
Suppose 282 + 366 = 4*w. What is the remainder when w is divided by 15?
12
Suppose 4*n = 2*q + 2*q - 52, -2*q + 5*n = -38. What is the remainder when q is divided by 3?
0
Let d(r) = r + 3. Let f be d(-3). Suppose 30 = 4*k - 4*y + 10, -2*k - 3*y = f. Calculate the remainder when 23 is divided by 34/k - 2/(-3).
11
What is the remainder when ((-9)/27)/((-1)/66) is divided by 12?
10
Let w = 49 - 27. Let d(s) = s - 6. Let n be d(8). Let c = 6 + n. What is the remainder when w is divided by c?
6
Suppose 0*z - 100 = -4*z. Let h = z + 11. Calculate the remainder when h is divided by 19.
17
Let p(m) = 4*m - 5. Let w be p(5). Let y = w - 1. Suppose 10 + y = 3*k. Calculate the remainder when 14 is divided by k.
6
Suppose 0 = -3*f - 2*f + 535. What is the remainder when f is divided by 27?
26
Suppose -3*y = -4*o + 327, 0 = -o + 7*y - 4*y + 84. What is the remainder when o is divided by 14?
11
Suppose -4*t = y - 55, -3*t - 2*t - 3*y = -74. Let p = 70 + -33. Calculate the remainder when p is divided by t.
11
Let x = 10 + -6. Suppose 0 = -x*k - w + 60, -2*w + 4*w = 5*k - 88. Calculate the remainder when k is divided by 9.
7
Let x = 12 + -7. Suppose 0*r - 3 = -b + 2*r, -2*b + x*r = -3. Calculate the remainder when ((-10)/(-4))/((-2)/(-20)) is divided by b.
7
Let a(n) = -n**2 + 13*n - 11. Let s be a(12). Let p be (s - 2)*5*-2. Let j = p + -7. Calculate the remainder when 3 is divided by j.
0
Suppose -4*t + 5*t - 54 = 0. Calculate the remainder when t is divided by 1/(64/(-22) - -3).
10
Suppose 0 = 5*o - x - 17 - 39, -20 = -5*x. Calculate the remainder when 33 is divided by o.
9
Let q(s) = -s**3 + 5*s**2 + 2*s - 6. Let r(w) = w**2 + 8*w - 4. Let v be r(-9). Suppose -4*d + 2 = -22. What is the remainder when d is divided by q(v)?
2
Let b be (-2)/(-9) - 68/(-18). Suppose 4*l + 2 - 6 = -b*r, 4*r = l - 1. What is the remainder when l is divided by 1?
0
Let w be 2 - 1 - (2 - -1). What is the remainder when 911/11 - w/11 is divided by 28?
27
Let x(z) = 3 - 8 - z + 4 + 11*z**3 + z**2 - 43*z**3. What is the remainder when x(-1) is divided by 17?
16
Suppose 3*n + 2*n + 3*m - 56 = 0, 2*m + 71 = 5*n. Calculate the remainder when 97 is divided by n.
6
Suppose 2*s = -2*c + 6, -4*c + 2*s - 6 = c. Suppose -2*g - 4*n + 24 = c, 4*n = 11 + 9. Let a = 27 + g. Calculate the remainder wh